{"id":1631,"date":"2018-04-07T13:16:12","date_gmt":"2018-04-07T06:16:12","guid":{"rendered":"http:\/\/icivn.com\/?page_id=1631"},"modified":"2025-03-28T15:03:27","modified_gmt":"2025-03-28T08:03:27","slug":"giam-dinh-hang-hoa-xuat-nhap-khau","status":"publish","type":"page","link":"https:\/\/cargocontrol.com.vn\/?page_id=1631","title":{"rendered":"Gi\u00e1m \u0111\u1ecbnh h\u00e0ng h\u00f3a xu\u1ea5t nh\u1eadp kh\u1ea9u"},"content":{"rendered":"<p><span style=\"color: #000000;\"><strong>Gi\u00e1m \u0111\u1ecbnh h\u00e0ng h\u00f3a xu\u1ea5t nh\u1eadp kh\u1ea9u<\/strong>:<\/span><\/p>\n<ul>\n<li><span style=\"color: #000000;\">Gi\u00e1m \u0111\u1ecbnh t\u00ecnh tr\u1ea1ng, ch\u1ea5t l\u01b0\u1ee3ng, s\u1ed1 l\u01b0\u1ee3ng c\u1ee7a h\u00e0ng h\u00f3a tr\u01b0\u1edbc khi xu\u1ea5t kh\u1ea9u.<\/span><\/li>\n<li><span style=\"color: #000000;\">Gi\u00e1m \u0111\u1ecbnh tr\u00ecnh tr\u1ea1ng, ch\u1ea5t l\u01b0\u1ee3ng, s\u1ed1 l\u01b0\u1ee3ng c\u1ee7a h\u00e0ng h\u00f3a khi nh\u1eadp kh\u1ea9u.<\/span><\/li>\n<li><span style=\"color: #000000;\">Gi\u00e1m \u0111\u1ecbnh xu\u1ea5t x\u1ee9, quy c\u00e1ch \u0111\u00f3ng g\u00f3i, k\u00fd m\u00e3 hi\u1ec7u c\u1ee7a h\u00e0ng h\u00f3a ghi tr\u00ean packing list.<\/span><\/li>\n<li><span style=\"color: #000000;\">Gi\u00e1m \u0111\u1ecbnh nguy\u00ean nh\u00e2n v\u00e0 m\u1ee9c \u0111\u1ed9 t\u1ed5n th\u1ea5t c\u1ee7a h\u00e0ng h\u00f3a khi nh\u1eadp kh\u1ea9u.<\/span><\/li>\n<li><span style=\"color: #000000;\">Gi\u00e1m \u0111\u1ecbnh th\u00f4ng quan h\u00e0ng h\u00f3a.<\/span><\/li>\n<\/ul>\n<p><span style=\"color: #000000;\">H\u00ecnh \u1ea3nh ho\u1ea1t \u0111\u1ed9ng.<\/span><\/p>\n<p><span style=\"color: #000000;\"><div class=\"row\"  id=\"row-1745751687\"><\/span><\/p>\n<p><span style=\"color: #000000;\"><div class=\"col medium-6 small-6 large-6\"  ><div class=\"col-inner\"  ><\/span><\/p>\n<p><span style=\"color: #000000;\">    <div class=\"img has-hover x md-x lg-x y md-y lg-y\" id=\"image_2050074961\">\n                <div class=\"img-inner dark\" >\n        <img loading=\"lazy\" decoding=\"async\" width=\"556\" height=\"417\" src=\"https:\/\/cargocontrol.com.vn\/wp-content\/uploads\/2018\/04\/giam-dinh-hang-hoa-1.jpg\" class=\"attachment-large size-large\" alt=\"giam-dinh-hang-hoa-1\" srcset=\"https:\/\/cargocontrol.com.vn\/wp-content\/uploads\/2018\/04\/giam-dinh-hang-hoa-1.jpg 556w, https:\/\/cargocontrol.com.vn\/wp-content\/uploads\/2018\/04\/giam-dinh-hang-hoa-1-300x225.jpg 300w\" sizes=\"(max-width: 556px) 100vw, 556px\" \/>                \n            <\/div>\n                   \n<style scope=\"scope\">\n\n<\/style>\n    <\/div>\n    <\/span><\/p>\n<p><span style=\"color: #000000;\"><\/div><\/div><\/span><br \/>\n<span style=\"color: #000000;\"><div class=\"col medium-6 small-6 large-6\"  ><div class=\"col-inner\"  ><\/span><\/p>\n<p><span style=\"color: #000000;\">    <div class=\"img has-hover x md-x lg-x y md-y lg-y\" id=\"image_1167227638\">\n                <div class=\"img-inner dark\" >\n        <img loading=\"lazy\" decoding=\"async\" width=\"640\" height=\"480\" src=\"https:\/\/cargocontrol.com.vn\/wp-content\/uploads\/2018\/04\/giam-dinh-hang-hoa-2.jpg\" class=\"attachment-large size-large\" alt=\"giam-dinh-hang-hoa-2\" srcset=\"https:\/\/cargocontrol.com.vn\/wp-content\/uploads\/2018\/04\/giam-dinh-hang-hoa-2.jpg 640w, https:\/\/cargocontrol.com.vn\/wp-content\/uploads\/2018\/04\/giam-dinh-hang-hoa-2-300x225.jpg 300w\" sizes=\"(max-width: 640px) 100vw, 640px\" \/>                \n            <\/div>\n                   \n<style scope=\"scope\">\n\n<\/style>\n    <\/div>\n    <\/span><\/p>\n<p><span style=\"color: #000000;\"><\/div><\/div><\/span><br \/>\n<span style=\"color: #000000;\"><div class=\"col medium-6 small-6 large-6\"  ><div class=\"col-inner\"  ><\/span><\/p>\n<p><span style=\"color: #000000;\">    <div class=\"img has-hover x md-x lg-x y md-y lg-y\" id=\"image_17616464\">\n                <div class=\"img-inner dark\" >\n        <img loading=\"lazy\" decoding=\"async\" width=\"640\" height=\"400\" src=\"https:\/\/cargocontrol.com.vn\/wp-content\/uploads\/2018\/04\/Poor-packing-responsible-for-65-of-damaged-cargo-800x400.jpg\" class=\"attachment-large size-large\" alt=\"Poor-packing-responsible-for-65-of-damaged-cargo-800x400\" srcset=\"https:\/\/cargocontrol.com.vn\/wp-content\/uploads\/2018\/04\/Poor-packing-responsible-for-65-of-damaged-cargo-800x400.jpg 640w, https:\/\/cargocontrol.com.vn\/wp-content\/uploads\/2018\/04\/Poor-packing-responsible-for-65-of-damaged-cargo-800x400-300x188.jpg 300w\" sizes=\"(max-width: 640px) 100vw, 640px\" \/>                \n            <\/div>\n                   \n<style scope=\"scope\">\n\n<\/style>\n    <\/div>\n    <\/span><\/p>\n<p><span style=\"color: #000000;\"><\/div><\/div><\/span><br \/>\n<span style=\"color: #000000;\"><div class=\"col medium-6 small-6 large-6\"  ><div class=\"col-inner\"  ><\/span><\/p>\n<p><span style=\"color: #000000;\">    <div class=\"img has-hover x md-x lg-x y md-y lg-y\" id=\"image_1439150188\">\n                <div class=\"img-inner dark\" >\n        <img loading=\"lazy\" decoding=\"async\" width=\"284\" height=\"178\" src=\"https:\/\/cargocontrol.com.vn\/wp-content\/uploads\/2018\/04\/images-4.jpg\" class=\"attachment-large size-large\" alt=\"\" \/>                \n            <\/div>\n                   \n<style scope=\"scope\">\n\n<\/style>\n    <\/div>\n    <\/span><\/p>\n<p><span style=\"color: #000000;\"><\/div><\/div><\/span><\/p>\n<p><span style=\"color: #000000;\"><\/div><\/span><\/p>\n","protected":false},"excerpt":{"rendered":"<p>Gi\u00e1m \u0111\u1ecbnh h\u00e0ng h\u00f3a xu\u1ea5t nh\u1eadp kh\u1ea9u: Gi\u00e1m \u0111\u1ecbnh t\u00ecnh tr\u1ea1ng, ch\u1ea5t l\u01b0\u1ee3ng, s\u1ed1 l\u01b0\u1ee3ng c\u1ee7a h\u00e0ng h\u00f3a tr\u01b0\u1edbc khi xu\u1ea5t kh\u1ea9u. Gi\u00e1m \u0111\u1ecbnh tr\u00ecnh tr\u1ea1ng, ch\u1ea5t l\u01b0\u1ee3ng, s\u1ed1 l\u01b0\u1ee3ng c\u1ee7a h\u00e0ng h\u00f3a khi nh\u1eadp kh\u1ea9u. Gi\u00e1m \u0111\u1ecbnh xu\u1ea5t x\u1ee9, quy c\u00e1ch \u0111\u00f3ng g\u00f3i, k\u00fd m\u00e3 hi\u1ec7u c\u1ee7a h\u00e0ng h\u00f3a ghi tr\u00ean packing list. Gi\u00e1m [&hellip;]\n","protected":false},"author":5,"featured_media":0,"parent":0,"menu_order":0,"comment_status":"closed","ping_status":"closed","template":"","meta":{"footnotes":""},"class_list":["post-1631","page","type-page","status-publish","hentry"],"_links":{"self":[{"href":"https:\/\/cargocontrol.com.vn\/index.php?rest_route=\/wp\/v2\/pages\/1631"}],"collection":[{"href":"https:\/\/cargocontrol.com.vn\/index.php?rest_route=\/wp\/v2\/pages"}],"about":[{"href":"https:\/\/cargocontrol.com.vn\/index.php?rest_route=\/wp\/v2\/types\/page"}],"author":[{"embeddable":true,"href":"https:\/\/cargocontrol.com.vn\/index.php?rest_route=\/wp\/v2\/users\/5"}],"replies":[{"embeddable":true,"href":"https:\/\/cargocontrol.com.vn\/index.php?rest_route=%2Fwp%2Fv2%2Fcomments&post=1631"}],"version-history":[{"count":7,"href":"https:\/\/cargocontrol.com.vn\/index.php?rest_route=\/wp\/v2\/pages\/1631\/revisions"}],"predecessor-version":[{"id":3075,"href":"https:\/\/cargocontrol.com.vn\/index.php?rest_route=\/wp\/v2\/pages\/1631\/revisions\/3075"}],"wp:attachment":[{"href":"https:\/\/cargocontrol.com.vn\/index.php?rest_route=%2Fwp%2Fv2%2Fmedia&parent=1631"}],"curies":[{"name":"wp","href":"https:\/\/api.w.org\/{rel}","templated":true}]}}