{"id":1382,"date":"2018-03-28T15:13:56","date_gmt":"2018-03-28T08:13:56","guid":{"rendered":"http:\/\/icivn.com\/?page_id=1382"},"modified":"2025-03-28T15:03:16","modified_gmt":"2025-03-28T08:03:16","slug":"giam-dinh-may-moc-thiet-bi-cong-nghiep","status":"publish","type":"page","link":"https:\/\/cargocontrol.com.vn\/?page_id=1382","title":{"rendered":"Gi\u00e1m \u0111\u1ecbnh m\u00e1y m\u00f3c, thi\u1ebft b\u1ecb c\u00f4ng nghi\u1ec7p"},"content":{"rendered":"<p><span style=\"color: #000000;\"><strong>Gi\u00e1m \u0111\u1ecbnh m\u00e1y m\u00f3c thi\u1ebft b\u1ecb.<\/strong><\/span><br \/>\n<span style=\"color: #000000;\">Gi\u00e1m \u0111\u1ecbnh t\u00ecnh tr\u1ea1ng<\/span><br \/>\n<span style=\"color: #000000;\">Gi\u00e1m \u0111\u1ecbnh s\u1ed1 l\u01b0\u1ee3ng, ch\u1ea5t l\u01b0\u1ee3ng<\/span><br \/>\n<span style=\"color: #000000;\">Gi\u00e1m \u0111\u1ecbnh xu\u1ea5t x\u1ee9<\/span><br \/>\n<span style=\"color: #000000;\">Gi\u00e1m \u0111\u1ecbnh t\u00ednh \u0111\u1ed3ng b\u1ed9<\/span><br \/>\n<span style=\"color: #000000;\">Gi\u00e1m \u0111\u1ecbnh ch\u1ee7ng lo\u1ea1i<\/span><br \/>\n<span style=\"color: #000000;\">Gi\u00e1m \u0111\u1ecbnh nguy\u00ean nh\u00e2n v\u00e0 m\u1ee9c \u0111\u1ed9 t\u1ed5n th\u1ea5t c\u1ee7a m\u00e1y m\u00f3c thi\u1ebft b\u1ecb<\/span><br \/>\n<span style=\"color: #000000;\">Gi\u00e1m s\u00e1t qu\u00e1 tr\u00ecnh x\u00eap\/d\u1ee1 h\u00e0ng<\/span><\/p>\n<p><span style=\"color: #000000;\"><div class=\"row\"  id=\"row-1699601233\"><\/span><\/p>\n<p><span style=\"color: #000000;\"><div class=\"col medium-6 small-12 large-6\"  ><div class=\"col-inner\"  ><\/span><\/p>\n<p><span style=\"color: #000000;\">    <div class=\"img has-hover x md-x lg-x y md-y lg-y\" id=\"image_2041116897\">\n                <div class=\"img-inner dark\" >\n        <img loading=\"lazy\" decoding=\"async\" width=\"402\" height=\"302\" src=\"https:\/\/cargocontrol.com.vn\/wp-content\/uploads\/2018\/04\/jjjjj.png\" class=\"attachment-large size-large\" alt=\"\" srcset=\"https:\/\/cargocontrol.com.vn\/wp-content\/uploads\/2018\/04\/jjjjj.png 402w, https:\/\/cargocontrol.com.vn\/wp-content\/uploads\/2018\/04\/jjjjj-300x225.png 300w\" sizes=\"(max-width: 402px) 100vw, 402px\" \/>                \n            <\/div>\n                   \n<style scope=\"scope\">\n\n<\/style>\n    <\/div>\n    <\/span><\/p>\n<p><span style=\"color: #000000;\">    <div class=\"img has-hover x md-x lg-x y md-y lg-y\" id=\"image_1384449870\">\n                <div class=\"img-inner dark\" >\n        <img loading=\"lazy\" decoding=\"async\" width=\"640\" height=\"480\" src=\"https:\/\/cargocontrol.com.vn\/wp-content\/uploads\/2018\/04\/kkk.png\" class=\"attachment-large size-large\" alt=\"\" srcset=\"https:\/\/cargocontrol.com.vn\/wp-content\/uploads\/2018\/04\/kkk.png 640w, https:\/\/cargocontrol.com.vn\/wp-content\/uploads\/2018\/04\/kkk-300x225.png 300w\" sizes=\"(max-width: 640px) 100vw, 640px\" \/>                \n            <\/div>\n                   \n<style scope=\"scope\">\n\n<\/style>\n    <\/div>\n    <\/span><\/p>\n<p><span style=\"color: #000000;\"><\/div><\/div><\/span><br \/>\n<span style=\"color: #000000;\"><div class=\"col medium-6 small-12 large-6\"  ><div class=\"col-inner\"  ><\/span><\/p>\n<p><span style=\"color: #000000;\">    <div class=\"img has-hover x md-x lg-x y md-y lg-y\" id=\"image_956812977\">\n                <div class=\"img-inner dark\" >\n        <img loading=\"lazy\" decoding=\"async\" width=\"402\" height=\"302\" src=\"https:\/\/cargocontrol.com.vn\/wp-content\/uploads\/2018\/04\/image011.jpg\" class=\"attachment-large size-large\" alt=\"\" srcset=\"https:\/\/cargocontrol.com.vn\/wp-content\/uploads\/2018\/04\/image011.jpg 402w, https:\/\/cargocontrol.com.vn\/wp-content\/uploads\/2018\/04\/image011-300x225.jpg 300w\" sizes=\"(max-width: 402px) 100vw, 402px\" \/>                \n            <\/div>\n                   \n<style scope=\"scope\">\n\n<\/style>\n    <\/div>\n    <\/span><\/p>\n<p><span style=\"color: #000000;\">    <div class=\"img has-hover x md-x lg-x y md-y lg-y\" id=\"image_1449140210\">\n                <div class=\"img-inner dark\" >\n        <img loading=\"lazy\" decoding=\"async\" width=\"640\" height=\"480\" src=\"https:\/\/cargocontrol.com.vn\/wp-content\/uploads\/2018\/04\/image015.jpg\" class=\"attachment-large size-large\" alt=\"\" srcset=\"https:\/\/cargocontrol.com.vn\/wp-content\/uploads\/2018\/04\/image015.jpg 640w, https:\/\/cargocontrol.com.vn\/wp-content\/uploads\/2018\/04\/image015-300x225.jpg 300w\" sizes=\"(max-width: 640px) 100vw, 640px\" \/>                \n            <\/div>\n                   \n<style scope=\"scope\">\n\n<\/style>\n    <\/div>\n    <\/span><\/p>\n<p><span style=\"color: #000000;\"><\/div><\/div><\/span><\/p>\n<p><span style=\"color: #000000;\"><\/div><\/span><\/p>\n","protected":false},"excerpt":{"rendered":"<p>Gi\u00e1m \u0111\u1ecbnh m\u00e1y m\u00f3c thi\u1ebft b\u1ecb. Gi\u00e1m \u0111\u1ecbnh t\u00ecnh tr\u1ea1ng Gi\u00e1m \u0111\u1ecbnh s\u1ed1 l\u01b0\u1ee3ng, ch\u1ea5t l\u01b0\u1ee3ng Gi\u00e1m \u0111\u1ecbnh xu\u1ea5t x\u1ee9 Gi\u00e1m \u0111\u1ecbnh t\u00ednh \u0111\u1ed3ng b\u1ed9 Gi\u00e1m \u0111\u1ecbnh ch\u1ee7ng lo\u1ea1i Gi\u00e1m \u0111\u1ecbnh nguy\u00ean nh\u00e2n v\u00e0 m\u1ee9c \u0111\u1ed9 t\u1ed5n th\u1ea5t c\u1ee7a m\u00e1y m\u00f3c thi\u1ebft b\u1ecb Gi\u00e1m s\u00e1t qu\u00e1 tr\u00ecnh x\u00eap\/d\u1ee1 h\u00e0ng<\/p>\n","protected":false},"author":5,"featured_media":0,"parent":0,"menu_order":0,"comment_status":"closed","ping_status":"closed","template":"","meta":{"footnotes":""},"class_list":["post-1382","page","type-page","status-publish","hentry"],"_links":{"self":[{"href":"https:\/\/cargocontrol.com.vn\/index.php?rest_route=\/wp\/v2\/pages\/1382"}],"collection":[{"href":"https:\/\/cargocontrol.com.vn\/index.php?rest_route=\/wp\/v2\/pages"}],"about":[{"href":"https:\/\/cargocontrol.com.vn\/index.php?rest_route=\/wp\/v2\/types\/page"}],"author":[{"embeddable":true,"href":"https:\/\/cargocontrol.com.vn\/index.php?rest_route=\/wp\/v2\/users\/5"}],"replies":[{"embeddable":true,"href":"https:\/\/cargocontrol.com.vn\/index.php?rest_route=%2Fwp%2Fv2%2Fcomments&post=1382"}],"version-history":[{"count":7,"href":"https:\/\/cargocontrol.com.vn\/index.php?rest_route=\/wp\/v2\/pages\/1382\/revisions"}],"predecessor-version":[{"id":3074,"href":"https:\/\/cargocontrol.com.vn\/index.php?rest_route=\/wp\/v2\/pages\/1382\/revisions\/3074"}],"wp:attachment":[{"href":"https:\/\/cargocontrol.com.vn\/index.php?rest_route=%2Fwp%2Fv2%2Fmedia&parent=1382"}],"curies":[{"name":"wp","href":"https:\/\/api.w.org\/{rel}","templated":true}]}}